{"id":605,"date":"2015-05-10T18:09:19","date_gmt":"2015-05-10T17:09:19","guid":{"rendered":"http:\/\/www.art-en-jeu.ch\/home_wp\/?page_id=605"},"modified":"2026-01-09T19:05:08","modified_gmt":"2026-01-09T18:05:08","slug":"fondation-art-en-jeu-ch","status":"publish","type":"page","link":"https:\/\/www.art-en-jeu.ch\/home_wp\/a-propos\/fondation-art-en-jeu-ch\/","title":{"rendered":"Fondation art-en-jeu.ch"},"content":{"rendered":"<p><a href=\"https:\/\/i0.wp.com\/www.art-en-jeu.ch\/home_wp\/wp-content\/uploads\/2015\/11\/ART_EN_JEU_LOGO_noir-e1446827164805.png?ssl=1\"><img data-recalc-dims=\"1\" loading=\"lazy\" decoding=\"async\" class=\"alignnone size-medium wp-image-868\" src=\"https:\/\/i0.wp.com\/www.art-en-jeu.ch\/home_wp\/wp-content\/uploads\/2015\/11\/ART_EN_JEU_LOGO_noir.png?resize=300%2C178&#038;ssl=1\" alt=\"ART_EN_JEU_LOGO_noir\" width=\"300\" height=\"178\" \/><\/a><\/p>\n<hr \/>\n<p>Fondation Art-en-jeu.ch, \u00e0 Lausanne, chemin de Praz-Dom-Nicod 1, 1000 Lausanne 26, CHE-156.223.624. Nouvelle fondation. Acte de fondation: 30 avril 2015. But: la Fondation a pour but de promouvoir toutes les formes d&rsquo;expression, de production, de m\u00e9diation et d&rsquo;\u00e9criture dans le domaine des beaux-arts au niveau r\u00e9gional et national; venir en aide par tout moyen, notamment par l&rsquo;octroi de bourses, prix, subsides et autres contributions financi\u00e8res, en faveur d&rsquo;artistes et\/ou de critiques domicili\u00e9s en Suisse ainsi que des associations, des fondations ou autres institutions d&rsquo;int\u00e9r\u00eat public \u00e0 but artistique dont le si\u00e8ge est en Suisse et qui sont exon\u00e9r\u00e9es d&rsquo;imp\u00f4t; la Fondation ne poursuit aucun but lucratif. Membres du conseil de fondation: Sch\u00e4fer Patrick, de Pully, \u00e0 Lausanne, pr\u00e9sident avec signature collective \u00e0 deux, Zurbuchen Bernard, de et \u00e0 Lausanne, secr\u00e9taire, et Salvi Roman, de France, \u00e0 Blonay, tr\u00e9sorier, tous deux avec signature collective \u00e0 deux avec le pr\u00e9sident. Organe de r\u00e9vision: MAZARS SA (CHE-281.111.934), \u00e0 Lausanne.<\/p>\n<hr \/>\n<p>La fondation soutient prioritairement des artistes, du domaine beaux-arts, d\u00e9j\u00e0 actifs dans le monde artistique, des personnes qui \u00e9crivent sur l\u2019art, ou des ateliers qui leur permettent de r\u00e9aliser des \u0153uvres et de produire des projets sp\u00e9cifiques. Contact postal adresse ci-dessus sinon info arobase art-en-jeu.ch<\/p>\n<p><strong>En 2015, La Fondation art en jeu a apport\u00e9 une contribution:<\/strong><\/p>\n<p>A M. Raymond Meyer \u00e0 Pully et Lutry<\/p>\n<p><a href=\"http:\/\/www.atelier-gravure-vaud.ch\/fr\/\" target=\"_blank\" rel=\"noopener noreferrer\">http:\/\/www.atelier-gravure-vaud.ch\/fr\/<\/a><\/p>\n<p>A M. <a href=\"http:\/\/philippefretz.ch\/\" target=\"_blank\" rel=\"noopener noreferrer\">Philippe Fretz<\/a> \u00e0 Gen\u00e8ve<\/p>\n<p>Aux \u00e9ditions <a href=\"http:\/\/www.artfiction.ch\/\" target=\"_blank\" rel=\"noopener noreferrer\">art&amp;fiction<\/a> \u00e0 Lausanne<\/p>\n<p>A l&rsquo;atelier de gravure de Moutier<\/p>\n<p><a href=\"http:\/\/www.gravuremoutier.ch\/f_atelier.html\" target=\"_blank\" rel=\"noopener noreferrer\">http:\/\/www.gravuremoutier.ch\/f_atelier.html<\/a><\/p>\n<p>A l&rsquo;atelier de lithographie de Raynald M\u00e9traux \u00e0 Lausanne<\/p>\n<p><a href=\"http:\/\/www.atelier-metraux.com\/\" target=\"_blank\" rel=\"noopener noreferrer\">http:\/\/www.atelier-metraux.com\/<\/a><\/p>\n<p><strong>En 2016, La Fondation art en jeu a apport\u00e9 une contribution (9):<\/strong><\/p>\n<p>A M. Raymond Meyer \u00e0 Pully et Lutry<\/p>\n<p><a href=\"http:\/\/www.atelier-gravure-vaud.ch\/fr\/\" target=\"_blank\" rel=\"noopener noreferrer\">http:\/\/www.atelier-gravure-vaud.ch\/fr\/<\/a><\/p>\n<p>A M.\u00a0<a href=\"http:\/\/philippefretz.ch\/\" target=\"_blank\" rel=\"noopener noreferrer\">Philippe Fretz<\/a>\u00a0\u00e0 Gen\u00e8ve<\/p>\n<p>Aux \u00e9ditions\u00a0<a href=\"http:\/\/www.artfiction.ch\/\" target=\"_blank\" rel=\"noopener noreferrer\">art&amp;fiction<\/a>\u00a0\u00e0 Lausanne<\/p>\n<p>A l&rsquo;atelier de gravure de Moutier<\/p>\n<p><a href=\"http:\/\/www.gravuremoutier.ch\/f_atelier.html\" target=\"_blank\" rel=\"noopener noreferrer\">http:\/\/www.gravuremoutier.ch\/f_atelier.html<\/a><\/p>\n<p>A l&rsquo;atelier de lithographie de Raynald M\u00e9traux \u00e0 Lausanne<\/p>\n<p><a href=\"http:\/\/www.atelier-metraux.com\/\" target=\"_blank\" rel=\"noopener noreferrer\">http:\/\/www.atelier-metraux.com\/<\/a><\/p>\n<p>A M. <a href=\"http:\/\/www.simondeppierraz.ch\/\">Simon Deppierraz<\/a> \u00e0 Lausanne.<\/p>\n<p>Atelier de s\u00e9rigraphie, Christian Humbert-Droz, \u00a0Gen\u00e8ve, \u00e9ditions Drozophiles.<\/p>\n<p>Soutien \u00e0 l\u2019exposition<em> 2016, Les Brenets<\/em> (<a href=\"http:\/\/roueche.ch\/\">Denis Rou<\/a>\u00e8che et Prune Simon-Vermot).<\/p>\n<p>Atelier de Lenzburg, exposition des 20 ans au Kunsthaus de Grenchen \u00a04 &#8211; 20 novembre 2016.<\/p>\n<p><strong>En 2017, La Fondation art en jeu a renouvel\u00e9 ses contributions et apport\u00e9 des soutiens \u00e0 plusieurs b\u00e9n\u00e9ficiaires nouveaux en tout 12 personnes ou projets ont \u00e9t\u00e9 soutenus.\u00a0<\/strong><\/p>\n<p><strong>En 2018, La Fondation art en jeu a renouvel\u00e9 ses contributions et apport\u00e9 des soutiens \u00e0 plusieurs b\u00e9n\u00e9ficiaires nouveaux en tout 16 artistes, ateliers ou associations ont \u00e9t\u00e9 soutenus.<\/strong><\/p>\n<p>En 2019, la Fondation art-en-jeu a renouvel\u00e9 ses contributions et apport\u00e9 des soutiens \u00e0 plusieurs b\u00e9n\u00e9ficiaires nouveaux. En tout 17 artistes, ateliers ou associations ont \u00e9t\u00e9 soutenus.<\/p>\n<p>En 2020, la Fondation art-en-jeu a renouvel\u00e9 ses contributions et soutenu plusieurs nouveaux b\u00e9n\u00e9ficiaires. 16 artistes, ateliers ou associations ont b\u00e9n\u00e9fici\u00e9 d\u2019un soutien.<\/p>\n<p>En 2021, la Fondation art-en-jeu a renouvel\u00e9 ses contributions et soutenu plusieurs nouveaux b\u00e9n\u00e9ficiaires. 18 artistes, ateliers ou associations ont b\u00e9n\u00e9fici\u00e9 d&rsquo;un soutien.<\/p>\n<p>En 2022, la Fondation art-en-jeu a renouvel\u00e9 ses contributions et soutenu plusieurs nouveaux b\u00e9n\u00e9ficiaires. 13 artistes, ateliers ou associations ont b\u00e9n\u00e9fici\u00e9 d\u2019un soutien.<\/p>\n<p>En 2023, la Fondation art-en-jeu a renouvel\u00e9 ses contributions et soutenu plusieurs nouveaux b\u00e9n\u00e9ficiaires. 14 artistes, ateliers ou associations ont obtenu un soutien.<\/p>\n<p>2024 marquera le dixi\u00e8me exercice de la Fondation, nous constatons qu&rsquo;une quarantaine d&rsquo;ateliers, associations et artistes ont \u00e9t\u00e9 soutenus \u00e0 ce jour.a Fondation art-en-jeu a renouvel\u00e9 ses contributions et soutenu plusieurs nouveaux b\u00e9n\u00e9ficiaires en tout 17 contributions.<\/p>\n<p>2025 La Fondation art-en-jeu a renouvel\u00e9 ses contributions et soutenu plusieurs nouveaux b\u00e9n\u00e9ficiaires en tout 23 b\u00e9n\u00e9ficiaires.<\/p>\n<p>2026 La Fondation privil\u00e9gie le renouvellement des soutiens aux b\u00e9n\u00e9ficiaires, \u00e9tant donn\u00e9 leur accroissement il ne sera plus possible de soutenir de nouveaux projets cette ann\u00e9e.<\/p>\n<div><\/div>\n","protected":false},"excerpt":{"rendered":"<p>Fondation Art-en-jeu.ch, \u00e0 Lausanne, chemin de Praz-Dom-Nicod 1, 1000 Lausanne 26, CHE-156.223.624. Nouvelle fondation. Acte de fondation: 30 avril 2015. But: la Fondation a pour but de promouvoir toutes les formes d&rsquo;expression, de production, de m\u00e9diation et d&rsquo;\u00e9criture dans le domaine des beaux-arts au niveau r\u00e9gional et national; venir en aide par tout moyen, notamment [&hellip;]<\/p>\n","protected":false},"author":1,"featured_media":0,"parent":33,"menu_order":0,"comment_status":"closed","ping_status":"open","template":"","meta":{"jetpack_post_was_ever_published":false,"footnotes":""},"class_list":["post-605","page","type-page","status-publish","hentry"],"jetpack_sharing_enabled":true,"jetpack_shortlink":"https:\/\/wp.me\/P5k6Rq-9L","jetpack_likes_enabled":true,"_links":{"self":[{"href":"https:\/\/www.art-en-jeu.ch\/home_wp\/wp-json\/wp\/v2\/pages\/605","targetHints":{"allow":["GET"]}}],"collection":[{"href":"https:\/\/www.art-en-jeu.ch\/home_wp\/wp-json\/wp\/v2\/pages"}],"about":[{"href":"https:\/\/www.art-en-jeu.ch\/home_wp\/wp-json\/wp\/v2\/types\/page"}],"author":[{"embeddable":true,"href":"https:\/\/www.art-en-jeu.ch\/home_wp\/wp-json\/wp\/v2\/users\/1"}],"replies":[{"embeddable":true,"href":"https:\/\/www.art-en-jeu.ch\/home_wp\/wp-json\/wp\/v2\/comments?post=605"}],"version-history":[{"count":28,"href":"https:\/\/www.art-en-jeu.ch\/home_wp\/wp-json\/wp\/v2\/pages\/605\/revisions"}],"predecessor-version":[{"id":5638,"href":"https:\/\/www.art-en-jeu.ch\/home_wp\/wp-json\/wp\/v2\/pages\/605\/revisions\/5638"}],"up":[{"embeddable":true,"href":"https:\/\/www.art-en-jeu.ch\/home_wp\/wp-json\/wp\/v2\/pages\/33"}],"wp:attachment":[{"href":"https:\/\/www.art-en-jeu.ch\/home_wp\/wp-json\/wp\/v2\/media?parent=605"}],"curies":[{"name":"wp","href":"https:\/\/api.w.org\/{rel}","templated":true}]}}